False
Is 2279273143 a multiple of 19?
False
Is 613680830 a multiple of 413?
True
Is 48 a factor of 61727493?
False
Is 12021 a factor of 946124826?
True
Is 1277 a factor of 530730430?
False
Is 5991417 a multiple of 88?
False
Is 8 a factor of 382104056?
True
Does 602 divide 108509633?
False
Does 26 divide 126733939?
False
Does 559 divide 70255120?
True
Is 1511 a factor of 110570042?
False
Is 68 a factor of 164462971?
False
Does 3 divide 383945665?
False
Is 29 a factor of 52097282?
True
Is 548309153 a multiple of 52?
False
Is 6 a factor of 4057583556?
True
Is 858863861 a multiple of 433?
False
Is 6 a factor of 28041384?
True
Does 1623 divide 281548587?
False
Is 1166083232 a multiple of 4623?
False
Is 3 a factor of 105975712?
False
Is 680 a factor of 10811951?
False
Does 11 divide 2174085278?
False
Is 63423171 a multiple of 1239?
True
Is 35984986 a multiple of 1457?
True
Is 32554757 a multiple of 122?
False
Does 15 divide 272549580?
True
Is 16893289 a multiple of 1123?
True
Is 5617206873 a multiple of 14?
False
Does 425 divide 4516789?
False
Does 12 divide 66273360?
True
Does 1436 divide 51037290?
False
Is 228 a factor of 2945817?
False
Is 288945948 a multiple of 628?
False
Does 244 divide 504019517?
False
Is 152 a factor of 3518955?
False
Does 25 divide 85841711?
False
Is 10361626 a multiple of 62?
True
Is 2 a factor of 9578523?
False
Is 37 a factor of 43772776?
True
Is 914248437 a multiple of 31?
False
Is 2007 a factor of 1209419767?
False
Does 2095 divide 1036277559?
False
Is 5425708991 a multiple of 5153?
False
Is 1036 a factor of 765404992?
False
Is 749 a factor of 1182498730?
True
Is 490112229 a multiple of 5823?
False
Does 4 divide 41755308?
True
Is 71 a factor of 27763896?
False
Does 79 divide 754816639?
True
Is 47481300 a multiple of 180?
True
Is 20161432 a multiple of 158?
True
Is 575210928 a multiple of 25?
False
Is 4 a factor of 103948959?
False
Is 69 a factor of 547651275?
True
Does 38 divide 186894588?
False
Does 509 divide 477384087?
False
Is 1966 a factor of 21950390?
True
Does 2 divide 30445762?
True
Does 144 divide 24327648?
True
Is 12027942 a multiple of 69?
True
Is 24 a factor of 8223791?
False
Is 646 a factor of 402669?
False
Does 314 divide 33418706?
True
Is 379 a factor of 278116295?
False
Does 83 divide 6411298?
False
Is 281448431 a multiple of 3?
False
Does 33 divide 4593194?
False
Does 634 divide 6982245?
False
Does 8 divide 165170712?
True
Is 458277591 a multiple of 630?
False
Is 924742659 a multiple of 697?
True
Is 5 a factor of 598035036?
False
Is 765748000 a multiple of 200?
True
Is 10 a factor of 416176060?
True
Does 9 divide 27821303?
False
Is 285 a factor of 142173675?
True
Is 75 a factor of 728987322?
False
Does 31 divide 61099343?
False
Does 1385 divide 11052300?
True
Does 11 divide 138206310?
True
Is 60 a factor of 1116166588?
False
Is 1573900654 a multiple of 1056?
False
Is 23 a factor of 22628918?
True
Is 433 a factor of 77717871?
True
Is 19654544 a multiple of 13?
True
Does 506 divide 89870126?
False
Does 2994 divide 206798574?
True
Is 5855760 a multiple of 40?
True
Does 5974 divide 7915609299?
False
Is 317 a factor of 545439518?
False
Does 25 divide 3298321562?
False
Does 90 divide 2220441?
False
Is 79 a factor of 142824990?
False
Does 14 divide 15527173?
False
Does 5 divide 1761634153?
False
Is 209147933 a multiple of 201?
False
Does 5 divide 30978440?
True
Is 524109201 a multiple of 1331?
True
Is 5740 a factor of 418922420?
True
Is 66971935 a multiple of 4?
False
Does 6677 divide 457721704?
True
Is 151 a factor of 126639321?
True
Is 3023880 a multiple of 13?
False
Is 40 a factor of 191700760?
True
Does 7 divide 35032589?
False
Does 2539 divide 168790236?
False
Is 621041876 a multiple of 13?
True
Does 22 divide 764390814?
True
Is 358016442 a multiple of 8?
False
Does 149 divide 1962479?
True
Is 47517580 a multiple of 43?
True
Is 14129396 a multiple of 1263?
False
Is 12 a factor of 46834992?
True
Does 55 divide 20409510?
True
Does 1872 divide 116008576?
False
Does 2076 divide 3378020424?
False
Does 54 divide 28553223?
False
Is 805007083 a multiple of 993?
False
Is 314 a factor of 149836090?
True
Is 5231590 a multiple of 7?
True
Does 15 divide 20222835?
True
Is 27712626 a multiple of 8?
False
Does 29 divide 83251224?
False
Is 13874694 a multiple of 366?
True
Does 1240 divide 231428069?
False
Is 6208510 a multiple of 9?
False
Is 710 a factor of 12914900?
True
Is 1455 a factor of 480688350?
True
Does 177 divide 298940300?
False
Is 76711596 a multiple of 39?
True
Is 515722336 a multiple of 1012?
False
Does 23 divide 460283590?
True
Is 463417032 a multiple of 4038?
True
Is 1843 a factor of 362164465?
False
Is 30575056 a multiple of 10?
False
Is 28 a factor of 3024610708?
True
Is 688742831 a multiple of 44?
False
Is 51 a factor of 96030?
False
Does 527 divide 149158885?
False
Is 48770068 a multiple of 107?
False
Is 38 a factor of 2902347?
False
Is 88494003 a multiple of 151?
True
Does 6208 divide 1429866635?
False
Does 11 divide 1220311323?
True
Is 38 a factor of 2119862966?
False
Is 133639836 a multiple of 1990?
False
Is 6 a factor of 102609474?
True
Is 24 a factor of 19687662?
False
Does 8 divide 45475800?
True
Is 153 a factor of 29433375?
True
Does 695 divide 608145466?
False
Does 21 divide 31351402?
False
Is 10 a factor of 43339407?
False
Is 13987900 a multiple of 10?
True
Does 120 divide 164532658?
False
Is 1824929754 a multiple of 10?
False
Is 20 a factor of 333417561?
False
Is 2351 a factor of 408693138?
True
Is 14 a factor of 1503861492?
True
Is 3999793308 a multiple of 28?
True
Does 1029 divide 108736925?
False
Does 45 divide 208605629?
False
Does 177 divide 320213243?
False
Is 78 a factor of 28983816?
False
Does 5261 divide 317656579?
False
Is 39 a factor of 12112556?
False
Is 19 a factor of 51891926?
True
Is 329093106 a multiple of 694?
False
Is 3863 a factor of 83437226?
False
Is 1070071620 a multiple of 20?
True
Does 125 divide 739108748?
False
Does 10 divide 143208610?
True
Is 236804175 a multiple of 2283?
True
Is 662 a factor of 55541800?
True
Is 9 a factor of 95455188?
True
Is 2639 a factor of 717927606?
False
Is 1325825910 a multiple of 12486?
True
Is 1171 a factor of 728308134?
True
Does 154 divide 35641760?
True
Is 46 a factor of 304536323?
False
Does 3 divide 214928187?
True
Is 415283568 a multiple of 7?
True
Is 31498648 a multiple of 76?
False
Does 181 divide 292536001?
True
Is 52 a factor of 21668315?
False
Is 23 a factor of 284416300?
False
Does 8 divide 145986613?
False
Does 4984 divide 626547480?
False
Does 125 divide 1093924125?
True
Does 172 divide 104723563?
False
Is 3 a factor of 730959622?
False
Is 2780392986 a multiple of 12642?
True
Is 1075544192 a multiple of 1851?
False
Is 85 a factor of 1147672610?
False
Is 18847003 a multiple of 15?
False
Does 3 divide 193572613?
False
Does 19 divide 1520743033?
True
Is 25 a factor of 232663110?
False
Does 3215 divide 1506458980?
True
Is 1375714375 a multiple of 51?
False
Is 126 a factor of 1403646084?
False
Is 43645490 a multiple of 805?
True
Is 145 a factor of 56944980?
True
Is 34 a factor of 216642208?
False
Is 19 a factor of 32754537?
True
Does 2194 divide 81425922?
True
Does 55 divide 28470909?
False
Does 823 divide 7630033?
True
Is 699 a factor of 109711364?
False
Is 9843174 a multiple of 219?
True
Is 994 a factor of 590643072?
False
Is 6273130880 a multiple of 853?
False
Is 41136337 a multiple of 35?
False
Is 5 a factor of 93696744?
False
Is 1707 a factor of 44788266?
True
Is 24835526 a multiple of 12?
False
Is 432 a factor of 85157338?
False
Is 303631262 a multiple of 975?
False
Is 8119902 a multiple of 206?
True
Is 21 a factor of 185345410?
False
Is 5300322 a multiple of 111?
False
Is 776394332 a multiple of 14?
True
Is 356 a factor of 701550332?
True
Does 1389 divide 61814667?
True
Does 437 divide 31381407?
True
Is 362 a factor of 85567026?
True
Does 2910 divide 506270160?
True
Is 16 a factor of 1013320292?
False
Does 10 divide 91567190?
True
Is 1134 a factor of 22664124?
True
Is 23116692 a multiple of 65?
False
Is 68 a factor of 8724672?
True
Is 20301497 a multiple of 182?
False
Does 63 divide 273771288?
True
Does 19 divide 20940508?
True
Does 15 divide 831148394?
False
Is 177264097 a multiple of 2432?
False
Is 792 a factor of 12